 d = 2*s. Suppose 0 = -u - 3*y + 141, 0*y + 273 = s*u + 3*y. What is the highest common divisor of u and 12?
12
Let z(h) = -h - 12. Let s be z(11). Let x be 4 + ((-12)/(-4) - s). Suppose -5*p + 0*p = -30. What is the highest common divisor of p and x?
6
Suppose 0 = -4*a + 3*v + 1174 + 17033, 2*v = a - 4543. What is the greatest common factor of 31 and a?
31
Let v = -1261 - -2157. Suppose 4384 = 10*s - v. Calculate the greatest common factor of s and 33.
33
Suppose 3*l + 2159 = 5543. What is the highest common factor of 24 and l?
24
Suppose 0 = 69*x - 89*x + 490960. Calculate the highest common factor of 34 and x.
34
Let l be 7/(-28) + 696754/232. Calculate the greatest common divisor of 4641 and l.
273
Let q be (-6)/45 - (-8923)/(-15). Let i = -348 - q. What is the greatest common divisor of 38 and i?
19
Let l(o) = 389*o + 8332. Let h be l(14). Calculate the highest common divisor of 166 and h.
166
Let d(h) be the third derivative of h**5/60 + h**4/3 + 4*h**3/3 - 7*h**2 + 3*h. Let y be d(-16). Calculate the highest common factor of 34 and y.
34
Suppose 482*i + 11682 = 487*i - w, -2*i + 4678 = -3*w. Calculate the highest common divisor of 730 and i.
146
Suppose 1364*l + 22154 = 1375*l. Calculate the greatest common factor of 848 and l.
106
Let m be (19 - 1)*628/6. Suppose 12*n = m - 36. Calculate the highest common divisor of n and 66.
22
Suppose i - h = 4*i - 45, 2*h - 60 = -4*i. Let c = 481 - 481. Suppose c = 22*f - 28*f + 720. What is the greatest common divisor of f and i?
15
Suppose 39*i = 28*i - 3443. Let w = i + 413. Calculate the highest common divisor of 50 and w.
50
Let g be ((-90)/(-50))/(3/2395). Calculate the highest common factor of 3 and g.
3
Let s(w) = -3 - 3534*w + 3521*w + 119. Let a be s(0). Calculate the highest common divisor of a and 58.
58
Suppose -g + 107 = -163. What is the greatest common divisor of 594 and g?
54
Let s = -2 - -24. Let v be 12 - 19 - (-511)/21*3. Calculate the highest common factor of s and v.
22
Let n be (0 - -29) + (55 - 53). Suppose 38*r - n*r = 336. What is the highest common factor of r and 18?
6
Suppose -4*p = 5*y - 776, -3*p + 13 = -y + 191. Calculate the greatest common divisor of y and 72.
8
Suppose -10*t = -11*t + 50. Suppose -36*s = -33*s + 5*c - t, -8 = -2*s + 3*c. What is the greatest common divisor of 335 and s?
5
Suppose 4*y - 273*i - 23476 = -277*i, 0 = y + 4*i - 5851. What is the greatest common factor of 50 and y?
25
Suppose -2*z + 3*v = -1347, -2095 = -3*z + 3*v - 73. Calculate the highest common divisor of z and 9900.
225
Let o = -704 - -703. Let x(i) = -9*i + 0 - 7 - 30*i. Let w be x(o). Calculate the highest common divisor of w and 80.
16
Suppose 0 = 4*b + f + f + 18, -2*b - 3*f - 19 = 0. Let i be ((-6)/4*b)/((-93)/(-279)). Calculate the highest common divisor of 27 and i.
9
Suppose -31*z - 777 + 2223 = -1034. What is the highest common factor of z and 1592?
8
Suppose -135*l - 192*l = 256*l - 1570602. What is the highest common divisor of 12 and l?
6
Let m(u) = -u**2 - 138*u - 1251. Let c be m(-10). Calculate the highest common divisor of c and 14587.
29
Suppose -3*m - 97 = -q - 1196, -3*q + 383 = m. What is the highest common divisor of m and 208?
16
Let s be -12*12/(1152/(-168)). Calculate the highest common divisor of s and 10073.
7
Suppose 0 = -117*z + 109*z + 600. Calculate the highest common divisor of 2025 and z.
75
Let r be 1254/(-198) - 12/(-2) - 136/(-3). Calculate the greatest common divisor of r and 415.
5
Let v(q) = 13*q**2 - 9*q + 1. Let r be v(3). Suppose 2*z + 5*p + 58 = 4*z, z + 2*p - 47 = 0. What is the highest common factor of z and r?
13
Let i(t) = -t**2 + 43*t - 264. Let p be i(12). What is the greatest common divisor of 378 and p?
54
Suppose 5*u - 2*w = 344, -38*u + 41*u = 2*w + 204. What is the greatest common factor of 320 and u?
10
Let m = 3581 + -3536. Calculate the greatest common factor of m and 285.
15
Let p = -2014 - -2245. Let b = 304 - 150. Calculate the greatest common divisor of b and p.
77
Let j be 6/4*(-1 - 5/(-3)). Let t be 6/21*j - (-544)/7. Let d = 198 - t. What is the highest common factor of 12 and d?
12
Let g(z) = -2*z + 5. Let n be g(-1). Suppose n*a = 3*a + 532. What is the highest common divisor of a and 7?
7
Suppose z = -5*c + 20, 5*z - 4*c + 134 = 379. Let a be (-10212)/(-54) + ((-5)/z)/1. What is the highest common divisor of a and 81?
27
Let q be (58/(-6))/((340/(-7080))/17). What is the highest common divisor of q and 354?
118
Suppose 19812 = -76*w + 88*w. What is the greatest common factor of w and 26?
13
Let h = -16012 + 16029. Let d be 4/(-22) - 3766/(-22). Let i be (-1)/5 + d/5. What is the highest common factor of h and i?
17
Suppose 7 = -s + 9. Let o be (11 + -13)*(101 + s). Let p be o/42*-3 + (-8)/(-28). Calculate the greatest common factor of 60 and p.
15
Suppose 5*d + 5*f - 2355 = 0, -5*d - f + 5*f = -2328. Calculate the greatest common factor of d and 6786.
234
Suppose 4*o + 18 = 2*d - 10, -3*d = 2*o - 18. Let m be 25/((-1350)/(-72))*213/2. Suppose 36*j - 358 = -m. What is the greatest common divisor of d and j?
2
Let v(x) = -101*x - 679. Let s be v(-7). Let q(a) = -5*a - 4. Let p be q(-5). Calculate the greatest common factor of s and p.
7
Let w be 36/2 - (3 - 2 - 0). Let o(s) = s**3 + w - 6*s + 0*s**3 - 11*s**2 - 6*s. Let q be o(12). What is the greatest common factor of q and 51?
17
Let u(a) = -7*a**2 + 96*a + 160. Let d be u(14). Calculate the greatest common divisor of d and 484.
44
Let t be (0 - -486) + 26/130*-5. Calculate the highest common divisor of t and 2.
1
Let j = 18 - 29. Let y = j - -39. Let c(r) = 2*r**3 - r**2 - 5*r + 5. Let p be c(2). What is the greatest common factor of p and y?
7
Let g = 154 + -154. Suppose 0 = -4*r + 16, g = m + r + 1 - 65. Calculate the greatest common divisor of 40 and m.
20
Let a(g) = -331*g - 1076. Let j be a(-4). What is the greatest common factor of j and 56?
8
Let a(g) = -745*g - 4585. Let d be a(-8). Calculate the greatest common factor of 22 and d.
11
Suppose -2*a - a + f = 101, -4 = 4*f. Let n = a - -40. Suppose -5*p = -p - 72. What is the highest common divisor of p and n?
6
Suppose 3*s - 90 = -w, -4*s + 4*w + 120 = -0*w. Suppose -9*i - s = -12*i. What is the highest common divisor of 120 and i?
10
Let b = -60 + 10. Let f = 57 + b. What is the highest common factor of f and 224?
7
Suppose 80 = 6*j - j. Suppose -5*d - 5*l + j = -29, 0 = 4*d - 2*l - 18. Calculate the highest common divisor of d and 9.
3
Suppose 1641 + 422 - 131 = 21*r. Suppose -k + 100 = 3*a, -4*k - 3*a + 303 + 142 = 0. What is the highest common divisor of k and r?
23
Let k(d) = 453*d + 1360. Let r be k(-3). What is the greatest common factor of 376 and r?
1
Suppose -58*o - 285 = -63*o. Suppose -2*k - 59 = -3*g, 74 = 4*g + 5*k + 3. What is the greatest common divisor of g and o?
19
Let y = 1565 + -1482. What is the highest common factor of y and 3?
1
Let o = -311 - -608. Suppose 6*d - o = -3*d. Calculate the greatest common factor of 55 and d.
11
Let m(j) = 9*j - 16. Let k(x) = 15*x**2 + 1. Let b be k(1). Let r be m(b). Calculate the greatest common factor of r and 16.
16
Let z(h) = -h**3 + 26*h**2 + 61*h - 15. Let i be z(28). Let k = i - 93. What is the greatest common factor of k and 44?
4
Suppose 18*q - 13*q + h = 1658, h + 1339 = 4*q. What is the greatest common divisor of q and 703?
37
Let j be 1 - -16 - (-5 + 6)*-3. Suppose -2*n = 4*f - j, 6 = -5*n + 4*f - 14. Let v = n + 1. What is the highest common divisor of v and 3?
1
Let o = -238 - -253. Let z be 14/(-7)*(-78)/4. Suppose z = 2*w - o. What is the highest common factor of w and 3?
3
Let u = 31 + -41. Let w be (u/(-4))/(3/12). Let k = -93 - -113. Calculate the highest common divisor of w and k.
10
Let t = -1067 + 1268. Let v = t - 80. Suppose 3*l - m = -3*m + 23, l = -m + 6. What is the highest common factor of l and v?
11
Let x(k) = k**3 - 5*k**2 + 27*k - 87. Let y be x(7). Suppose 3*r = -4*p + 26, 14 + 26 = 4*p - 4*r. Calculate the highest common divisor of p and y.
8
Let x(t) = -5*t - 186. Let u be x(-37). Let g(v) = -417*v - 14. Let c be g(u). What is the greatest common factor of 155 and c?
31
Suppose 6 = -3*n, 6*z - 5*z - 43 = -n. Suppose -37*i = -z*i + 96. What is the highest common factor of 12 and i?
12
Let p(n) = n**3 - 5*n**2 - 2*n 